{"id":10,"date":"2024-01-29T16:47:57","date_gmt":"2024-01-29T16:47:57","guid":{"rendered":"https:\/\/startersites.io\/blocksy\/smile-dent\/?page_id=10"},"modified":"2025-03-28T16:41:32","modified_gmt":"2025-03-28T19:41:32","slug":"services","status":"publish","type":"page","link":"https:\/\/cuidatusonrisa.cl\/?page_id=10","title":{"rendered":"Nosotros"},"content":{"rendered":"\n<div class=\"wp-block-greenshift-blocks-row gspb_row gspb_row-id-gsbp-90dd5fd gspb_row--gutter-custom-0\" id=\"gspb_row-id-gsbp-90dd5fd\"><div class=\"gspb_row__content\"> \n<div class=\"wp-block-greenshift-blocks-row-column gspb_row__col--8 gspb_row__col--md-12 gspb_col-id-gsbp-d560c25\" id=\"gspb_col-id-gsbp-d560c25\">\n\n\n<h2 id=\"gspb_heading-id-gsbp-2ffee04\" class=\"gspb_heading gspb_heading-id-gsbp-2ffee04 \">Nuestra Clinica<\/h2>\n\n\n\n<div id=\"gspb_text-id-gsbp-e310166\" class=\"gspb_text gspb_text-id-gsbp-e310166 \">25 A\u00f1os atendiendo en la ciudad de rancagua<\/div>\n<\/div>\n\n\n\n<div class=\"wp-block-greenshift-blocks-row-column gspb_row__col--4 gspb_row__col--md-12 gspb_col-id-gsbp-2affbd5\" id=\"gspb_col-id-gsbp-2affbd5\">\n<div class=\"wp-block-greenshift-blocks-image gspb_image gspb_image-id-gsbp-960d7e1 alignfull\" id=\"gspb_image-id-gsbp-960d7e1\"><img decoding=\"async\" src=\"https:\/\/cuidatusonrisa.cl\/wp-content\/uploads\/2025\/03\/f1.png\" data-src=\"\" alt=\"\" loading=\"lazy\" width=\"351\" height=\"300\"\/><\/div>\n<\/div>\n <\/div><\/div>\n\n\n\n<div class=\"wp-block-greenshift-blocks-row gspb_row gspb_row-id-gsbp-44398d9 gspb_row--gutter-custom-0\" id=\"gspb_row-id-gsbp-44398d9\"><div class=\"gspb_row__content\"> \n<div class=\"wp-block-greenshift-blocks-row-column gspb_row__col--8 gspb_row__col--md-12 gspb_col-id-gsbp-6f07b8a\" id=\"gspb_col-id-gsbp-6f07b8a\">\n<div class=\"wp-block-greenshift-blocks-container gspb_container gspb_container-gsbp-e202958\" id=\"gspb_container-id-gsbp-e202958\"><\/div>\n\n\n\n<div class=\"wp-block-greenshift-blocks-image gspb_image gspb_image-id-gsbp-2120874\" id=\"gspb_image-id-gsbp-2120874\"><img decoding=\"async\" src=\"https:\/\/cuidatusonrisa.cl\/wp-content\/uploads\/2025\/02\/WhatsApp-Image-2025-02-24-at-21.12.46.jpeg\" data-src=\"\" alt=\"\" loading=\"lazy\" width=\"600px\" height=\"796\"\/><\/div>\n<\/div>\n\n\n\n<div class=\"wp-block-greenshift-blocks-row-column gspb_row__col--4 gspb_row__col--md-12 gspb_col-id-gsbp-bff518b\" id=\"gspb_col-id-gsbp-bff518b\">\n<div id=\"gspb_text-id-gsbp-fb31242\" class=\"gspb_text gspb_text-id-gsbp-fb31242 \">Luego de veinticinco a\u00f1os atendiendo en la ciudad de Rancagua. Decidimos tomar el desaf\u00edo de aliarnos con especialistas chilenos reconocidos y de trayectoria para ubicarnos en una de las avenidas principales de nuestra ciudad. Para ello certificamos nuestra consulta por el SEREMI de O\u00b4Higgins desde el a\u00f1o 2019 en nuestra nueva direcci\u00f3n.<br><br>Y estamos muy felices con contar tambi\u00e9n con un equipo de radiograf\u00edas digitales. Lo que nos permite almacenar infinitamente las radiograf\u00edas de nuestros pacientes y enviarlas por mail ante cualquier necesidad.<br><br>Tenemos convenios con el Banco Estado, Embotelladora Andina, Nestl\u00e9 y sonrie seguro de Metlife entre otras empresas de la regi\u00f3n. Para continuar nuestra atenci\u00f3n con trabajos garantizados y de acuerdo a las necesidades individuales de nuestros pacientes de la ciudad de Rancagua.<\/div>\n<\/div>\n <\/div><\/div>\n\n\n\n<div class=\"wp-block-greenshift-blocks-row gspb_row gspb_row-id-gsbp-286d2e0 gspb_row--gutter-custom-0\" id=\"gspb_row-id-gsbp-286d2e0\"><div class=\"gspb_row__content\"> \n<div class=\"wp-block-greenshift-blocks-row-column gspb_row__col--4 gspb_row__col--md-12 gspb_col-id-gsbp-dd3f4ba\" id=\"gspb_col-id-gsbp-dd3f4ba\">\n<h2 id=\"gspb_heading-id-gsbp-d385c96\" class=\"gspb_heading gspb_heading-id-gsbp-d385c96 \">Nuestra Clinica<\/h2>\n\n\n\n<div id=\"gspb_text-id-gsbp-b19b08c\" class=\"gspb_text gspb_text-id-gsbp-b19b08c \">Contamos con especialistas en Implantolog\u00eda, Cirug\u00eda, Endodoncia, Periodoncia, Ortodoncia, Trastornos Temporo Mandibulares y Rehabilitaci\u00f3n. Cada uno de ellos con especialidades certificadas en universidades de prestigio y algunos DOCENTES en ellas.<\/div>\n<\/div>\n\n\n\n<div class=\"wp-block-greenshift-blocks-row-column gspb_row__col--8 gspb_row__col--md-12 gspb_col-id-gsbp-7a71d50\" id=\"gspb_col-id-gsbp-7a71d50\">\n<div class=\"wp-block-greenshift-blocks-image gspb_image gspb_image-id-gsbp-5cfa2e9\" id=\"gspb_image-id-gsbp-5cfa2e9\"><img decoding=\"async\" src=\"https:\/\/cuidatusonrisa.cl\/wp-content\/uploads\/2025\/02\/WhatsApp-Image-2025-02-24-at-21.17.22.jpeg\" data-src=\"\" alt=\"\" loading=\"lazy\" width=\"478\" height=\"712\"\/><\/div>\n\n\n\n<div class=\"wp-block-greenshift-blocks-image gspb_image gspb_image-id-gsbp-32b3c7e\" id=\"gspb_image-id-gsbp-32b3c7e\"><img decoding=\"async\" src=\"https:\/\/cuidatusonrisa.cl\/wp-content\/uploads\/2025\/02\/WhatsApp-Image-2025-02-24-at-21.14.24-1.jpeg\" data-src=\"\" alt=\"\" loading=\"lazy\" width=\"476\" height=\"762\"\/><\/div>\n<\/div>\n <\/div><\/div>\n\n\n\n<div class=\"wp-block-greenshift-blocks-container gspb_container gspb_container-gsbp-08edf4d\" id=\"gspb_container-id-gsbp-08edf4d\">\n<h3 id=\"gspb_heading-id-gsbp-d9024e8\" class=\"gspb_heading gspb_heading-id-gsbp-d9024e8 \">Tienes alguna pregunta?<\/h3>\n\n\n\n<h4 id=\"gspb_heading-id-gsbp-0f939b1\" class=\"gspb_heading gspb_heading-id-gsbp-0f939b1 \">No dudes en contactarnos &#8211; (72) <strong>2 226550<\/strong><\/h4>\n<\/div>\n\n\n\n<div class=\"wp-block-greenshift-blocks-container alignfull gspb_container gspb_container-gsbp-318027b\" id=\"gspb_container-id-gsbp-318027b\"><\/div>\n\n\n\n<p><\/p>\n","protected":false},"excerpt":{"rendered":"","protected":false},"author":1,"featured_media":0,"parent":0,"menu_order":0,"comment_status":"closed","ping_status":"closed","template":"","meta":{"_gspb_post_css":"#gspb_row-id-gsbp-90dd5fd{justify-content:space-between;display:flex;flex-wrap:wrap;margin-top:0;margin-bottom:0;padding:0 80px}#gspb_row-id-gsbp-90dd5fd>.gspb_row__content{display:flex;justify-content:space-between;margin:0 auto;width:100%;flex-wrap:wrap}div[id^=gspb_col-id]{box-sizing:border-box;position:relative;padding:15px min(3vw,20px)}@media (max-width:991.98px){#gspb_row-id-gsbp-90dd5fd>.gspb_row__content{row-gap:30px}}@media (max-width:991.98px){#gspb_row-id-gsbp-90dd5fd{margin-bottom:80px;padding-right:50px;padding-left:50px}}@media (max-width:575.98px){#gspb_row-id-gsbp-90dd5fd{margin-bottom:60px;padding-right:35px;padding-left:35px}}#gspb_row-id-gsbp-90dd5fd{background-color:var(--wp--preset--color--palette-color-7, var(--theme-palette-color-7, #F7FAFD))}#gspb_row-id-gsbp-90dd5fd,#gspb_row-id-gsbp-90dd5fd>.gspb_backgroundOverlay{border-top-left-radius:40px;border-top-right-radius:40px;border-bottom-right-radius:40px;border-bottom-left-radius:40px}#gspb_col-id-gsbp-d560c25.gspb_row__col--8{width:calc(66.66666666666667% - 5px)}@media (max-width:991.98px){#gspb_col-id-gsbp-d560c25.gspb_row__col--8{width:100%}}@media (max-width:767.98px){#gspb_col-id-gsbp-d560c25.gspb_row__col--8{width:calc(100% - 5px)}}@media (max-width:575.98px){#gspb_col-id-gsbp-d560c25.gspb_row__col--8{width:100%}}.gspb_row #gspb_col-id-gsbp-d560c25.gspb_row__col--8{padding:70px 0}@media (max-width:991.98px){.gspb_row #gspb_col-id-gsbp-d560c25.gspb_row__col--8{padding-top:50px;padding-bottom:0}}@media (max-width:575.98px){.gspb_row #gspb_col-id-gsbp-d560c25.gspb_row__col--8{padding-bottom:0}}body #gspb_col-id-gsbp-d560c25.gspb_row__col--8{display:flex;flex-direction:column;justify-content:center}@media (max-width:991.98px){body #gspb_col-id-gsbp-d560c25.gspb_row__col--8{align-items:center}}#gspb_heading-id-gsbp-2ffee04{font-size:50px}@media (max-width:991.98px){#gspb_heading-id-gsbp-2ffee04{font-size:35px}}@media (max-width:575.98px){#gspb_heading-id-gsbp-2ffee04{font-size:30px}}@media (max-width:991.98px){#gspb_heading-id-gsbp-2ffee04,#gspb_heading-id-gsbp-2ffee04 .gsap-g-line{text-align:center!important}}#gspb_heading-id-gsbp-2ffee04{font-weight:800!important;margin-top:0;margin-bottom:10px}@media (max-width:991.98px){.gspb_text-id-gsbp-e310166,.gspb_text-id-gsbp-e310166 .gsap-g-line{text-align:center!important}}.gspb_text-id-gsbp-e310166{margin-top:0!important;margin-bottom:40px!important}#gspb_col-id-gsbp-2affbd5.gspb_row__col--4{width:calc(33.333333333333336% - 5px)}@media (max-width:991.98px){#gspb_col-id-gsbp-2affbd5.gspb_row__col--4{width:100%}}@media (max-width:767.98px){#gspb_col-id-gsbp-2affbd5.gspb_row__col--4{width:calc(100% - 5px)}}@media (max-width:575.98px){#gspb_col-id-gsbp-2affbd5.gspb_row__col--4{width:100%}}.gspb_row #gspb_col-id-gsbp-2affbd5.gspb_row__col--4{padding:0}body #gspb_col-id-gsbp-2affbd5.gspb_row__col--4{display:flex;flex-direction:column;justify-content:flex-end}#gspb_image-id-gsbp-960d7e1 img{object-fit:contain;object-position:50% 54%;vertical-align:top;display:inline-block;box-sizing:border-box;max-width:100%;box-shadow:0 5px 20px 0 rgba(0,0,0,.03);border-top-left-radius:50%;border-top-right-radius:50%;border-bottom-right-radius:50%;border-bottom-left-radius:50%;border-top-style:solid;border-top-width:1px;border-top-color:#00000012;width:351px;aspect-ratio:1\/1}#gspb_image-id-gsbp-960d7e1{margin-top:0;margin-bottom:0;padding-top:30px;height:300px}body.gspb-bodyfront #gspb_image-id-gsbp-960d7e1{position:absolute;top:0;left:0}@media (max-width:991.98px){#gspb_image-id-gsbp-960d7e1 img{aspect-ratio:1\/1}}@media (max-width:767.98px){#gspb_image-id-gsbp-960d7e1 img{aspect-ratio:1\/1}}@media (max-width:575.98px){#gspb_image-id-gsbp-960d7e1 img{aspect-ratio:1\/1}}#gspb_image-id-gsbp-960d7e1 img{height:300px}#gspb_row-id-gsbp-44398d9{justify-content:space-between;margin-top:0;display:flex;flex-wrap:wrap;margin-bottom:120px}#gspb_row-id-gsbp-44398d9>.gspb_row__content{display:flex;justify-content:space-between;margin:0 auto;width:100%;flex-wrap:wrap}@media (max-width:991.98px){#gspb_row-id-gsbp-44398d9>.gspb_row__content{row-gap:40px}}body.gspb-bodyfront #gspb_row-id-gsbp-44398d9>.gspb_row__content,body.gspb-bodyfront #gspb_row-id-gsbp-90dd5fd>.gspb_row__content{width:var(--theme-container-width, 1200px);max-width:var(--theme-normal-container-max-width, 1200px)}@media (max-width:991.98px){#gspb_row-id-gsbp-44398d9{margin-bottom:80px}}@media (max-width:575.98px){#gspb_row-id-gsbp-44398d9{margin-bottom:60px}}#gspb_col-id-gsbp-6f07b8a.gspb_row__col--8{width:calc(66.66666666666667% - 50px)}@media (max-width:991.98px){#gspb_col-id-gsbp-6f07b8a.gspb_row__col--8{width:100%}}@media (max-width:767.98px){#gspb_col-id-gsbp-6f07b8a.gspb_row__col--8{width:calc(100% - 50px)}}@media (max-width:575.98px){#gspb_col-id-gsbp-6f07b8a.gspb_row__col--8{width:100%}}@media (min-width:992px){body.gspb-bodyfront #gspb_col-id-gsbp-6f07b8a.gspb_row__col--8{width:calc(55% - 0px - 50px)}}.gspb_row #gspb_col-id-gsbp-6f07b8a.gspb_row__col--8{padding:70px 0 0 70px}@media (max-width:575.98px){.gspb_row #gspb_col-id-gsbp-6f07b8a.gspb_row__col--8{padding-top:30px;padding-left:30px}}.gspb_container-id-gsbp-e202958{flex-direction:column;box-sizing:border-box}#gspb_container-id-gsbp-08edf4d.gspb_container>p:last-of-type,#gspb_container-id-gsbp-318027b.gspb_container>p:last-of-type,#gspb_container-id-gsbp-e202958.gspb_container>p:last-of-type{margin-bottom:0}#gspb_container-id-gsbp-e202958.gspb_container{position:relative;background-color:var(--wp--preset--color--palette-color-9, var(--theme-palette-color-9, #FFE8DA))}body.gspb-bodyfront #gspb_container-id-gsbp-e202958.gspb_container{position:absolute;top:0;left:0;width:70%;height:70%}#gspb_container-id-gsbp-e202958.gspb_container,#gspb_container-id-gsbp-e202958.gspb_container>.gspb_backgroundOverlay,#gspb_image-id-gsbp-2120874 img{border-top-left-radius:40px;border-top-right-radius:40px;border-bottom-right-radius:40px;border-bottom-left-radius:40px}#gspb_image-id-gsbp-2120874 img{vertical-align:top;display:inline-block;box-sizing:border-box;max-width:100%;width:600px;height:auto}body.gspb-bodyfront #gspb_image-id-gsbp-2120874{position:relative;z-index:1}#gspb_image-id-gsbp-2120874{height:auto}@media (max-width:991.98px){#gspb_image-id-gsbp-2120874,#gspb_image-id-gsbp-2120874 img{height:auto}}@media (max-width:767.98px){#gspb_image-id-gsbp-2120874,#gspb_image-id-gsbp-2120874 img{height:auto}}@media (max-width:575.98px){#gspb_image-id-gsbp-2120874,#gspb_image-id-gsbp-2120874 img{height:auto}}#gspb_col-id-gsbp-bff518b.gspb_row__col--4{width:calc(33.333333333333336% - 50px)}@media (max-width:991.98px){#gspb_col-id-gsbp-bff518b.gspb_row__col--4{width:100%}}@media (max-width:767.98px){#gspb_col-id-gsbp-bff518b.gspb_row__col--4{width:calc(100% - 50px)}}@media (max-width:575.98px){#gspb_col-id-gsbp-bff518b.gspb_row__col--4{width:100%}}@media (min-width:992px){body.gspb-bodyfront #gspb_col-id-gsbp-bff518b.gspb_row__col--4{width:calc(44.989999999999995% - 0px - 50px)}}.gspb_row #gspb_col-id-gsbp-7a71d50.gspb_row__col--8,.gspb_row #gspb_col-id-gsbp-bff518b.gspb_row__col--4,.gspb_row #gspb_col-id-gsbp-dd3f4ba.gspb_row__col--4{padding:0}body #gspb_col-id-gsbp-bff518b.gspb_row__col--4,body #gspb_col-id-gsbp-dd3f4ba.gspb_row__col--4{display:flex;flex-direction:column;justify-content:center}@media (max-width:991.98px){.gspb_text-id-gsbp-fb31242,.gspb_text-id-gsbp-fb31242 .gsap-g-line{text-align:center!important}}.gspb_text-id-gsbp-fb31242{margin-top:0!important;margin-bottom:50px!important}#gspb_row-id-gsbp-286d2e0{justify-content:space-between;margin-top:0;display:flex;flex-wrap:wrap;margin-bottom:120px}#gspb_row-id-gsbp-286d2e0>.gspb_row__content{display:flex;justify-content:space-between;margin:0 auto;width:100%;flex-wrap:wrap}.gspb_row{position:relative}@media (max-width:991.98px){#gspb_row-id-gsbp-286d2e0>.gspb_row__content{row-gap:50px}}body.gspb-bodyfront #gspb_row-id-gsbp-286d2e0>.gspb_row__content{width:var(--theme-container-width, 1200px);max-width:var(--theme-normal-container-max-width, 1200px)}@media (max-width:991.98px){#gspb_row-id-gsbp-286d2e0{margin-bottom:80px}}@media (max-width:575.98px){#gspb_row-id-gsbp-286d2e0{margin-bottom:60px}}#gspb_col-id-gsbp-dd3f4ba.gspb_row__col--4{width:calc(33.333333333333336% - 50px)}@media (max-width:991.98px){#gspb_col-id-gsbp-dd3f4ba.gspb_row__col--4{width:100%}}@media (max-width:767.98px){#gspb_col-id-gsbp-dd3f4ba.gspb_row__col--4{width:calc(100% - 50px)}}@media (max-width:575.98px){#gspb_col-id-gsbp-dd3f4ba.gspb_row__col--4{width:100%}}@media (min-width:992px){body.gspb-bodyfront #gspb_col-id-gsbp-dd3f4ba.gspb_row__col--4{width:calc(44.989999999999995% - 0px - 50px)}}@media (max-width:991.98px){#gspb_heading-id-gsbp-d385c96{font-size:30px}}@media (max-width:575.98px){#gspb_heading-id-gsbp-d385c96{font-size:25px}}@media (max-width:991.98px){#gspb_heading-id-gsbp-d385c96,#gspb_heading-id-gsbp-d385c96 .gsap-g-line{text-align:center!important}}#gspb_heading-id-gsbp-d385c96{margin-top:0;margin-bottom:10px}@media (max-width:991.98px){.gspb_text-id-gsbp-b19b08c,.gspb_text-id-gsbp-b19b08c .gsap-g-line{text-align:center!important}}.gspb_text-id-gsbp-b19b08c{margin-bottom:50px!important}@media (max-width:991.98px){.gspb_text-id-gsbp-b19b08c{margin-bottom:40px!important}}#gspb_col-id-gsbp-7a71d50.gspb_row__col--8{width:calc(66.66666666666667% - 50px)}@media (max-width:991.98px){#gspb_col-id-gsbp-7a71d50.gspb_row__col--8{width:100%}}@media (max-width:767.98px){#gspb_col-id-gsbp-7a71d50.gspb_row__col--8{width:calc(100% - 50px)}}@media (max-width:575.98px){#gspb_col-id-gsbp-7a71d50.gspb_row__col--8{width:100%}}@media (min-width:992px){body.gspb-bodyfront #gspb_col-id-gsbp-7a71d50.gspb_row__col--8{width:calc(55% - 0px - 50px)}}body #gspb_col-id-gsbp-7a71d50.gspb_row__col--8{display:flex;column-gap:35px}@media (max-width:575.98px){body #gspb_col-id-gsbp-7a71d50.gspb_row__col--8{flex-direction:column;row-gap:35px}}#gspb_image-id-gsbp-32b3c7e img,#gspb_image-id-gsbp-5cfa2e9 img{vertical-align:top;display:inline-block;box-sizing:border-box;max-width:100%;height:auto;border-top-left-radius:40px;border-top-right-radius:40px;border-bottom-right-radius:40px;border-bottom-left-radius:40px}#gspb_image-id-gsbp-32b3c7e{margin-top:50px}@media (max-width:991.98px){#gspb_image-id-gsbp-32b3c7e{margin-top:0}}.gspb_container-id-gsbp-08edf4d,.gspb_container-id-gsbp-318027b{flex-direction:column;box-sizing:border-box}#gspb_container-id-gsbp-08edf4d.gspb_container{position:relative;margin-bottom:-100px;padding:60px}body.gspb-bodyfront #gspb_container-id-gsbp-08edf4d.gspb_container{z-index:3}@media (max-width:991.98px){#gspb_container-id-gsbp-08edf4d.gspb_container{padding:50px}}@media (max-width:575.98px){#gspb_container-id-gsbp-08edf4d.gspb_container{padding:35px}}#gspb_container-id-gsbp-08edf4d.gspb_container,#gspb_container-id-gsbp-08edf4d.gspb_container>.gspb_backgroundOverlay{border-top-left-radius:40px;border-top-right-radius:40px;border-bottom-right-radius:40px;border-bottom-left-radius:40px}#gspb_container-id-gsbp-08edf4d.gspb_container{background-color:#424949}@media (max-width:991.98px){#gspb_heading-id-gsbp-d9024e8{font-size:25px}}#gspb_heading-id-gsbp-d9024e8,#gspb_heading-id-gsbp-d9024e8 .gsap-g-line{text-align:center!important}#gspb_heading-id-gsbp-d9024e8{color:var(--wp--preset--color--palette-color-8, var(--theme-palette-color-8, #ffffff));margin-top:0;margin-bottom:0}#gspb_heading-id-gsbp-0f939b1{font-size:23px}@media (max-width:991.98px){#gspb_heading-id-gsbp-0f939b1{font-size:20px}}#gspb_heading-id-gsbp-0f939b1,#gspb_heading-id-gsbp-0f939b1 .gsap-g-line{text-align:center!important}#gspb_heading-id-gsbp-0f939b1{color:var(--wp--preset--color--palette-color-8, var(--theme-palette-color-8, #ffffff));margin-top:0;margin-bottom:0}#gspb_container-id-gsbp-318027b.gspb_container{position:relative;background-color:var(--wp--preset--color--palette-color-7, var(--theme-palette-color-7, #F7FAFD));height:100px}","_joinchat":[],"footnotes":""},"class_list":["post-10","page","type-page","status-publish","hentry"],"blocksy_meta":{"has_hero_section":"disabled","styles_descriptor":{"styles":{"desktop":"","tablet":"","mobile":""},"google_fonts":[],"version":6},"vertical_spacing_source":"custom","content_area_spacing":"none"},"_links":{"self":[{"href":"https:\/\/cuidatusonrisa.cl\/index.php?rest_route=\/wp\/v2\/pages\/10","targetHints":{"allow":["GET"]}}],"collection":[{"href":"https:\/\/cuidatusonrisa.cl\/index.php?rest_route=\/wp\/v2\/pages"}],"about":[{"href":"https:\/\/cuidatusonrisa.cl\/index.php?rest_route=\/wp\/v2\/types\/page"}],"author":[{"embeddable":true,"href":"https:\/\/cuidatusonrisa.cl\/index.php?rest_route=\/wp\/v2\/users\/1"}],"replies":[{"embeddable":true,"href":"https:\/\/cuidatusonrisa.cl\/index.php?rest_route=%2Fwp%2Fv2%2Fcomments&post=10"}],"version-history":[{"count":9,"href":"https:\/\/cuidatusonrisa.cl\/index.php?rest_route=\/wp\/v2\/pages\/10\/revisions"}],"predecessor-version":[{"id":918,"href":"https:\/\/cuidatusonrisa.cl\/index.php?rest_route=\/wp\/v2\/pages\/10\/revisions\/918"}],"wp:attachment":[{"href":"https:\/\/cuidatusonrisa.cl\/index.php?rest_route=%2Fwp%2Fv2%2Fmedia&parent=10"}],"curies":[{"name":"wp","href":"https:\/\/api.w.org\/{rel}","templated":true}]}}